{"id":129,"date":"2021-12-20T13:27:13","date_gmt":"2021-12-20T10:27:13","guid":{"rendered":"https:\/\/www.emreecza.com\/magaza\/?post_type=product&#038;p=129"},"modified":"2025-07-11T11:27:47","modified_gmt":"2025-07-11T08:27:47","slug":"30-ml-amber-cam-sise-ve-kapak","status":"publish","type":"product","link":"https:\/\/www.emreecza.com\/magaza\/urun\/30-ml-amber-cam-sise-ve-kapak\/","title":{"rendered":"30 mL amber cam \u015fi\u015fe ve kapak"},"content":{"rendered":"<p>Sipari\u015f vermek i\u00e7in l\u00fctfen bizimle ileti\u015fime ge\u00e7iniz.<\/p>\n<p>&#8212;<\/p>\n<p>G\u0131da takviyesi, tan\u0131t\u0131m, promosyon, vb. gibi projelerde kullan\u0131lmak \u00fczere 30mL \u015fi\u015fe + kapak<\/p>\n<p>BORMIOL\u0130 ROCCO \u2013 30mL \u015ei\u015fe<br \/>\nT\u0130P III AMBER RENKL\u0130 18MM \u015e\u0130\u015eE, H 92\/35<\/p>\n<p>+<\/p>\n<p>BORMIOL\u0130 ROCCO \u2013 18MM Kapak<\/p>\n<p>&#8212;-<\/p>\n<p>Kalite belgeleri mevcuttur. Nakliye al\u0131c\u0131ya aittir. KDV dahildir.<\/p>\n","protected":false},"excerpt":{"rendered":"<p>Sipari\u015f vermek i\u00e7in l\u00fctfen bizimle ileti\u015fime ge\u00e7iniz. &#8212; G\u0131da takviyesi, tan\u0131t\u0131m, promosyon, vb. gibi projelerde kullan\u0131lmak \u00fczere 30mL \u015fi\u015fe + kapak BORMIOL\u0130 ROCCO \u2013 30mL \u015ei\u015fe T\u0130P III AMBER RENKL\u0130 18MM \u015e\u0130\u015eE, H 92\/35 + BORMIOL\u0130 ROCCO \u2013 18MM Kapak &#8212;- Kalite belgeleri mevcuttur. Nakliye al\u0131c\u0131ya aittir. KDV dahildir.<\/p>\n","protected":false},"featured_media":131,"comment_status":"open","ping_status":"closed","template":"","meta":[],"_links":{"self":[{"href":"https:\/\/www.emreecza.com\/magaza\/wp-json\/wp\/v2\/product\/129"}],"collection":[{"href":"https:\/\/www.emreecza.com\/magaza\/wp-json\/wp\/v2\/product"}],"about":[{"href":"https:\/\/www.emreecza.com\/magaza\/wp-json\/wp\/v2\/types\/product"}],"replies":[{"embeddable":true,"href":"https:\/\/www.emreecza.com\/magaza\/wp-json\/wp\/v2\/comments?post=129"}],"wp:featuredmedia":[{"embeddable":true,"href":"https:\/\/www.emreecza.com\/magaza\/wp-json\/wp\/v2\/media\/131"}],"wp:attachment":[{"href":"https:\/\/www.emreecza.com\/magaza\/wp-json\/wp\/v2\/media?parent=129"}],"curies":[{"name":"wp","href":"https:\/\/api.w.org\/{rel}","templated":true}]}}

30 mL amber cam şişe ve kapak

<p>Sipariş vermek için lütfen bizimle iletişime geçiniz.</p>
<p>&#8212;</p>
<p>Gıda takviyesi, tanıtım, promosyon, vb. gibi projelerde kullanılmak üzere 30mL şişe + kapak</p>
<p>BORMIOLİ ROCCO – 30mL Şişe<br />
TİP III AMBER RENKLİ 18MM ŞİŞE, H 92/35</p>
<p>+</p>
<p>BORMIOLİ ROCCO – 18MM Kapak</p>
<p>&#8212;-</p>
<p>Kalite belgeleri mevcuttur. Nakliye alıcıya aittir. KDV dahildir.</p>

<p>Sipariş vermek için lütfen bizimle iletişime geçiniz. &#8212; Gıda takviyesi, tanıtım, promosyon, vb. gibi projelerde kullanılmak üzere 30mL şişe + kapak BORMIOLİ ROCCO – 30mL Şişe TİP III AMBER RENKLİ 18MM ŞİŞE, H 92/35 + BORMIOLİ ROCCO – 18MM Kapak &#8212;- Kalite belgeleri mevcuttur. Nakliye alıcıya aittir. KDV dahildir.</p>
