{"id":122,"date":"2021-12-20T12:30:15","date_gmt":"2021-12-20T09:30:15","guid":{"rendered":"https:\/\/www.emreecza.com\/magaza\/?post_type=product&#038;p=122"},"modified":"2025-07-11T11:34:35","modified_gmt":"2025-07-11T08:34:35","slug":"asi-nakil-kabi-acb-246ls","status":"publish","type":"product","link":"https:\/\/www.emreecza.com\/magaza\/urun\/asi-nakil-kabi-acb-246ls\/","title":{"rendered":"A\u015f\u0131 Nakil Kab\u0131 &#8211; ACB-246LS"},"content":{"rendered":"","protected":false},"excerpt":{"rendered":"<h3>43 derece ortam s\u0131cakl\u0131\u011f\u0131nda 93 saat 2-8 derece !<\/h3>\n<p>DS\u00d6 onayl\u0131. KAL\u0130TE BELGES\u0130N\u0130 BURADAN \u0130ND\u0130REB\u0130L\u0130RS\u0130N\u0130Z: <a href=\"https:\/\/www.emreecza.com\/magaza\/wp-content\/uploads\/2021\/12\/pqss_e004_017_aov_acb_246ls.pdf\">pqss_e004_017_aov_acb_246ls<\/a><\/p>\n<h3><strong>Kargo al\u0131c\u0131ya aittir.<\/strong><\/h3>\n<p>&nbsp;<\/p>\n<table border=\"0\" cellspacing=\"0\">\n<tbody>\n<tr>\n<td align=\"left\" height=\"20\">Marka<\/td>\n<td align=\"left\">AOV A\u015f\u0131 Nakil Kab\u0131<\/td>\n<\/tr>\n<tr>\n<td align=\"left\" height=\"20\">Model<\/td>\n<td align=\"left\">ACB-246LS<\/td>\n<\/tr>\n<tr>\n<td align=\"left\" height=\"20\">D\u00fcnya Sa\u011fl\u0131k \u00d6rg\u00fct\u00fc PQS Kodu<\/td>\n<td align=\"left\">E004\/017<\/td>\n<\/tr>\n<tr>\n<td align=\"left\" height=\"20\">Buz Ak\u00fcs\u00fc<\/td>\n<td align=\"left\">24 adet x 0,6 litre<\/td>\n<\/tr>\n<tr>\n<td align=\"left\" height=\"20\"><\/td>\n<td align=\"left\"><\/td>\n<\/tr>\n<tr>\n<td align=\"left\" height=\"20\">A\u015f\u0131 saklama kapasitesi<\/td>\n<td align=\"left\">16 litre<\/td>\n<\/tr>\n<tr>\n<td align=\"left\" height=\"20\">A\u011f\u0131rl\u0131k tam dolu<\/td>\n<td align=\"left\">35 kg<\/td>\n<\/tr>\n<tr>\n<td align=\"left\" height=\"20\">A\u011f\u0131rl\u0131k bo\u015f<\/td>\n<td align=\"left\">14,50 kilo<\/td>\n<\/tr>\n<tr>\n<td align=\"left\" height=\"20\">D\u0131\u015f boyutlar<\/td>\n<td align=\"left\">64,50 x 64 x 35 cm<\/td>\n<\/tr>\n<tr>\n<td align=\"left\" height=\"20\">\u0130\u00e7 boyutlar<\/td>\n<td align=\"left\">48 x 47,90 x 22,60 cm<\/td>\n<\/tr>\n<tr>\n<td align=\"left\" height=\"20\">A\u015f\u0131 saklama boyutlar\u0131<\/td>\n<td align=\"left\">39,90x 39,60 x 14,50 cm (22,91 litre)<\/td>\n<\/tr>\n<tr>\n<td align=\"left\" height=\"20\">Kapak tipi ve sabitleme<\/td>\n<td align=\"left\">Mente\u015feli<\/td>\n<\/tr>\n<tr>\n<td align=\"left\" height=\"20\">D\u0131\u015f malzemeler<\/td>\n<td align=\"left\">Do\u011frusal D\u00fc\u015f\u00fck Yo\u011funluklu Polietilen (LLDPE)<\/td>\n<\/tr>\n<tr>\n<td align=\"left\" height=\"20\">\u0130\u00e7 kaplama malzemeleri<\/td>\n<td align=\"left\">Do\u011frusal D\u00fc\u015f\u00fck Yo\u011funluklu Polietilen (LLDPE)<\/td>\n<\/tr>\n<tr>\n<td align=\"left\" height=\"20\">\u0130zolasyon malzemeleri<\/td>\n<td align=\"left\">CFC\u2019siz Poli\u00fcretan<\/td>\n<\/tr>\n<tr>\n<td align=\"left\" height=\"20\">\u0130zolasyon kal\u0131nl\u0131\u011f\u0131<\/td>\n<td align=\"left\">65 mm<\/td>\n<\/tr>\n<\/tbody>\n<\/table>\n","protected":false},"featured_media":123,"comment_status":"open","ping_status":"closed","template":"","meta":[],"_links":{"self":[{"href":"https:\/\/www.emreecza.com\/magaza\/wp-json\/wp\/v2\/product\/122"}],"collection":[{"href":"https:\/\/www.emreecza.com\/magaza\/wp-json\/wp\/v2\/product"}],"about":[{"href":"https:\/\/www.emreecza.com\/magaza\/wp-json\/wp\/v2\/types\/product"}],"replies":[{"embeddable":true,"href":"https:\/\/www.emreecza.com\/magaza\/wp-json\/wp\/v2\/comments?post=122"}],"wp:featuredmedia":[{"embeddable":true,"href":"https:\/\/www.emreecza.com\/magaza\/wp-json\/wp\/v2\/media\/123"}],"wp:attachment":[{"href":"https:\/\/www.emreecza.com\/magaza\/wp-json\/wp\/v2\/media?parent=122"}],"curies":[{"name":"wp","href":"https:\/\/api.w.org\/{rel}","templated":true}]}}

Aşı Nakil Kabı &#8211; ACB-246LS

<h3>43 derece ortam sıcaklığında 93 saat 2-8 derece !</h3>
<p>DSÖ onaylı. KALİTE BELGESİNİ BURADAN İNDİREBİLİRSİNİZ: <a href="https://www.emreecza.com/magaza/wp-content/uploads/2021/12/pqss_e004_017_aov_acb_246ls.pdf">pqss_e004_017_aov_acb_246ls</a></p>
<h3><strong>Kargo alıcıya aittir.</strong></h3>
<p>&nbsp;</p>
<table border="0" cellspacing="0">
<tbody>
<tr>
<td align="left" height="20">Marka</td>
<td align="left">AOV Aşı Nakil Kabı</td>
</tr>
<tr>
<td align="left" height="20">Model</td>
<td align="left">ACB-246LS</td>
</tr>
<tr>
<td align="left" height="20">Dünya Sağlık Örgütü PQS Kodu</td>
<td align="left">E004/017</td>
</tr>
<tr>
<td align="left" height="20">Buz Aküsü</td>
<td align="left">24 adet x 0,6 litre</td>
</tr>
<tr>
<td align="left" height="20"></td>
<td align="left"></td>
</tr>
<tr>
<td align="left" height="20">Aşı saklama kapasitesi</td>
<td align="left">16 litre</td>
</tr>
<tr>
<td align="left" height="20">Ağırlık tam dolu</td>
<td align="left">35 kg</td>
</tr>
<tr>
<td align="left" height="20">Ağırlık boş</td>
<td align="left">14,50 kilo</td>
</tr>
<tr>
<td align="left" height="20">Dış boyutlar</td>
<td align="left">64,50 x 64 x 35 cm</td>
</tr>
<tr>
<td align="left" height="20">İç boyutlar</td>
<td align="left">48 x 47,90 x 22,60 cm</td>
</tr>
<tr>
<td align="left" height="20">Aşı saklama boyutları</td>
<td align="left">39,90x 39,60 x 14,50 cm (22,91 litre)</td>
</tr>
<tr>
<td align="left" height="20">Kapak tipi ve sabitleme</td>
<td align="left">Menteşeli</td>
</tr>
<tr>
<td align="left" height="20">Dış malzemeler</td>
<td align="left">Doğrusal Düşük Yoğunluklu Polietilen (LLDPE)</td>
</tr>
<tr>
<td align="left" height="20">İç kaplama malzemeleri</td>
<td align="left">Doğrusal Düşük Yoğunluklu Polietilen (LLDPE)</td>
</tr>
<tr>
<td align="left" height="20">İzolasyon malzemeleri</td>
<td align="left">CFC’siz Poliüretan</td>
</tr>
<tr>
<td align="left" height="20">İzolasyon kalınlığı</td>
<td align="left">65 mm</td>
</tr>
</tbody>
</table>
